 greatest common divisor of j and c.
16
Let x be (10 - 26 - -15)*1*-19. Calculate the highest common divisor of 1121 and x.
19
Let i be (-1)/(-3) + (-11)/33. Suppose -4*m + 2*k + 1754 = -i*k, k = -5*m + 2203. Suppose -129 + 9 = -3*j. Calculate the greatest common divisor of j and m.
40
Let h(s) = -28 - 25*s**2 - 37*s - 43*s**3 + 42*s**3 + 6*s**2. Let v be h(-17). What is the greatest common factor of v and 115?
23
Let q(v) be the first derivative of v**3/3 + v**2/2 + 22. Let w be q(-1). Let p = w + 33. What is the highest common factor of 99 and p?
33
Let j(p) = -p**3 - 9*p**2 + 21*p - 9. Let h be j(-11). Suppose 0 = 7*f + 12 - 68. What is the greatest common divisor of h and f?
2
Let z be 336/(-40)*(-20)/6. Let o(i) = i**2 + 4*i - 6. Let n be o(-4). Let v be -6 + (-119)/(-21) - 674/n. Calculate the highest common factor of v and z.
28
Let o(a) = 2*a**2 + 20*a + 2. Let n be o(-7). Let v = -32 - n. Suppose -125 = -v*k + 19. Calculate the highest common factor of k and 36.
18
Suppose -2*o - 56 = p, -2*p + 7*o = 8*o + 112. Let r = p - -59. Calculate the greatest common divisor of r and 14.
1
Let i = 5677 + -1709. Calculate the highest common divisor of i and 31.
31
Suppose 51*h - 167 - 29005 = 0. What is the greatest common divisor of 182 and h?
26
Suppose -75*d + 1150 = 250. Let r = -57 + 159. Calculate the highest common factor of r and d.
6
Let p be (-18)/(-27) - (28/6 + -2). Let b be (33/p)/((-66)/352). Let r be (-62)/(-6) - 2/(-3). Calculate the highest common divisor of r and b.
11
Let n(c) = -c**2 + 47*c - 226. Let g be n(39). Let t = g - 67. Let p be (-1)/3 - 458/(-6). What is the greatest common factor of p and t?
19
Suppose 0 = -3*t - 2*t + 345. Let w(j) = -j**3 - 5*j**2 - j - 7. Let g be w(-5). Let s be 1512/33 - g/11. Calculate the highest common divisor of t and s.
23
Let a be (-1)/4 + (-370)/(-8). Let g be 10153/22 - 70/20. Suppose -445*n - 897 = -g*n. What is the greatest common divisor of a and n?
23
Suppose -3*c + 36 = -3*h, 2*c - 5*c + 4*h + 38 = 0. What is the greatest common factor of c and 2190?
10
Let c = -50 + 37. Let m(o) = -4*o**2 - 20*o - 15. Let x(v) = -1. Let a(b) = -m(b) + 2*x(b). Let i be a(c). Calculate the highest common divisor of 39 and i.
39
Let c(z) = -3*z**2 - 149*z - 69. Let o be c(-49). What is the highest common divisor of 319 and o?
29
Let y = -23007 + 42079. What is the greatest common factor of y and 149?
149
Suppose -177 = -2*j + 57. Let h(v) = -v**3 + 12*v**2 + 44*v + 28. Let w be h(15). What is the greatest common divisor of j and w?
13
Let z be 122/((-2)/(-1)) - 1. Let n(v) = v**2 - 92*v - 2637. Let f be n(-23). What is the greatest common divisor of z and f?
4
Let m be (-1)/((0 - 2)/14). Suppose -3*x + 4*g = -38, -41*x + 5*g = -36*x - 65. Let a = x - m. Calculate the highest common divisor of 91 and a.
7
Let a(n) = 2*n**2 + 43*n - 160. Let l be a(-25). Let j = -24 + 54. Let x = j + 0. Calculate the highest common divisor of l and x.
15
Let n be (-13)/(3 - 42/12). Suppose 4*b - l - 27 = 0, 3*l + n = 2*b + 5*l. Calculate the greatest common factor of 56 and b.
8
Let c = -565 + 2229. What is the greatest common factor of c and 32?
32
Let h(l) = -123*l + 1541. Let f be h(12). Calculate the highest common factor of f and 377.
13
Let g(b) = b**3 - 7*b**2 - 8*b + 58. Let r be g(7). Let t be r/4*-2 + 2. What is the highest common factor of 4 and t?
1
Suppose 2*z - 6 = 0, 319*n - 317*n = -5*z + 95. Suppose 100 = 4*u - 20. What is the highest common divisor of n and u?
10
Let q = -119 + 127. Let d be q/5 + -2 - 222/(-5). Calculate the highest common divisor of 77 and d.
11
Suppose 0 = m - 340 + 52. Let z be (-4 - 8/(-4)) + (-83 - -103). Calculate the highest common factor of m and z.
18
Let y be (-1)/((-5)/(-55)) - -6. Let n be (5 - -1) + (-20)/y. Suppose 3*p + 4*g = 42, 4*p = 3*p + 4*g - 2. What is the highest common divisor of n and p?
10
Suppose 2*f - 18 = -7*f. Suppose 0 = -5*o + 5*q - 125, -84 = 5*o - f*q + 41. Let h be (-170)/o*(0 + 10). What is the highest common divisor of 170 and h?
34
Let k be ((-1008)/147 + 8)*(-3 - -10). What is the highest common divisor of 996 and k?
4
Suppose 8*p - 702240 = -30*p - 4*p. What is the greatest common divisor of 352 and p?
176
Let c(l) = 14*l + 19. Let t be c(1). Suppose -5 = t*a - 368. Let j be 2/6 + (-263)/(-3). Calculate the highest common factor of j and a.
11
Suppose -5*q + 15343 = 3*x, 53*q = 54*q - 5. Calculate the greatest common factor of x and 222.
222
Let a(b) = b**3 - 10*b**2 + 21*b - 6. Let c be a(7). Let l(h) = -h + 30. Let r be l(c). What is the highest common factor of r and 126?
18
Suppose -1538*h + 1545*h = 2002. Let k(y) be the first derivative of y**3/3 - y**2/2 + 26*y - 1. Let w be k(0). Calculate the highest common factor of h and w.
26
Suppose 5*t - 13 = 33*r - 29*r, r - 4*t + 17 = 0. Suppose -u + 1 = -r, 2*b = 4*u. Let h be (-2 + -1)*32/(-6). What is the highest common divisor of b and h?
8
Let d = -42098 - -45569. What is the highest common divisor of d and 801?
267
Let o = -32636 - -32646. Calculate the greatest common factor of o and 3335.
5
Let x(t) = t**2 - 6*t + 80. Let c be x(10). What is the highest common factor of 810 and c?
30
Let k be (-12)/186 + (-1116030)/(-465). What is the highest common factor of 96 and k?
96
Let q be (2677 - (10 - 6))/(3/2). Calculate the greatest common factor of 330 and q.
66
Let g(s) = -2*s + 7. Let i be g(-6). Let o be ((-207)/15)/(i/(-475)). What is the greatest common divisor of 30 and o?
15
Suppose -2*w = -7*w + 10. Suppose -a + 6*a - 5*j - 150 = 0, 60 = w*a + 5*j. Suppose -a*o = -24*o - 270. What is the greatest common factor of 30 and o?
15
Let a be (-1712)/(-20) + 142/355. Calculate the highest common factor of 26359 and a.
43
Let x = 1551 + -1457. What is the greatest common factor of 4 and x?
2
Suppose 3*c - 3*a = 30, -c + a = -6*c + 44. Suppose -c*w = -7*w - 68. Let x = w + 6. Calculate the greatest common factor of 10 and x.
10
Suppose -7*z + 6904 = 2*l - 5*z, -l - 5*z + 3460 = 0. Calculate the greatest common divisor of 92 and l.
46
Let z(j) = j**3 + 9*j**2 - 63*j - 13. Let a be z(-14). Let y be ((-17)/(-5) - 1)/(a/(-1480)). What is the highest common factor of y and 128?
32
Suppose -2*n - 178 = 3*a, -n - 100 = -0*n - 4*a. Let q = -5 - n. Let i = q - 54. What is the highest common divisor of 55 and i?
11
Suppose -17 = -j - f, f - 12 = -3*f. Let k = -10 + j. Let q be 63 + (-34)/(-14) + -3 + 11/7. Calculate the highest common divisor of q and k.
4
Suppose -2*x = -5*v - 7 - 13, 2*x + 5*v = 0. Suppose 625 = 5*n - z - 3*z, -x*n + 590 = 3*z. Let k = -79 + n. What is the greatest common divisor of 21 and k?
21
Suppose 426 + 427 = -5*w + x, -2*w + 5*x = 332. Let j = w + 261. What is the greatest common factor of 9 and j?
9
Suppose 4*d + 2*s - 6501 = 14567, 0 = -3*s + 24. What is the greatest common factor of d and 1939?
277
Let d be ((-7)/(-4))/((-1)/(-44)). Suppose 2312*o - 2310*o - x - 159 = 0, -4*o + 5*x + 333 = 0. Calculate the highest common factor of d and o.
77
Let a(o) = 94 - 133*o + 56 - 23. Let k be a(-5). What is the greatest common divisor of k and 8?
8
Let j(o) = 8*o**2 + 709*o - 3525. Let p be j(5). Calculate the highest common factor of p and 250.
10
Let a = 55 - 37. Suppose -5*v = 10, a = s + 11*v - 12*v. Calculate the highest common factor of s and 64.
16
Let t(d) = d**2 + 5*d - 6. Let i = -38 - -32. Let p be t(i). Suppose p = -8*j + 100 + 68. Calculate the greatest common divisor of 14 and j.
7
Suppose 3*o - 3*i = -0*i + 162, -o = -5*i - 54. Suppose -4*v = -16, 84*h = 82*h + 2*v + 136. What is the highest common factor of o and h?
18
Let n = 171 + -94. Let f = 6685 + -6678. What is the greatest common factor of f and n?
7
Let c = -442 + 496. Let q = 40 - -32. What is the highest common divisor of c and q?
18
Let j = 1753 + -1737. What is the highest common divisor of j and 1800?
8
Suppose -74*p = 7731 + 3813. Suppose -4*h + 0*h = -5*m - 472, 3*m + h = -273. Let w = m - p. Calculate the highest common factor of 8 and w.
8
Suppose 0*p = p - 1007 + 997. Calculate the highest common divisor of p and 190.
10
Let j be (-6 - 72/(-15))*(-27985)/2. What is the greatest common factor of j and 87?
87
Suppose 3*j = -2*j. Suppose j = -36*i + 41*i + 425. Let g = -49 - i. Calculate the highes